
-4 + -2 - (-16 + (36 - 12))
-14
What is 5 + -6 + 8 - (3 + 6)?
-2
Evaluate (-32 - -46) + (6 - (6 - (3 + -4))).
13
9 + -15 - (2 - (2 + 1))
-5
13 + -1 - (-53 + 57)
8
What is 7 - (8 - (-13 - -21))?
7
-11 + -6 + 19 + -9 - -11
4
What is the value of 8 + 378 + -367 + (-29 - -2) + 0?
-8
17 + -23 - ((2 - 2) + -4 + -4)
2
What is -4 - (14 - (15 + (-16 - -10)))?
-9
What is -25 + 5 + 19 + 4 + 2 + 8?
13
Calculate -6 + 14 - (48 + 1 + -10).
-31
(21 - (12 + 27)) + 9
-9
What is (47 - 41) + (13 - 16 - (-16 + 0))?
19
Calculate 1 + -6 + 23 + -21.
-3
What is 14 + (0 - 6) - 4 - -5?
9
What is -15 + -1 - (53 - (74 + -32)) - 6?
-33
What is 5 + -34 - (-224 + 161)?
34
What is 0 + 27 + -32 - 4?
-9
Evaluate 36 - (66 + 10) - -32.
-8
-3 + (17 - (-5 - (-22 + 12)))
9
What is -1 + (28 + -7 - 3) + -3?
14
What is the value of (-17 - (-8 - -7)) + 14?
-2
Evaluate 5 - 12 - (-7 - (-9 + 1 - -1)).
-7
Evaluate -3 + (-5 - (-2 - 14) - (4 + 2)).
2
What is (-13 - 1) + -2 + 3 - -22?
9
Evaluate -5 + -12 + 25 + (-2 - 1).
5
What is the value of (30 - (-16 + 20)) + -1 + -8?
17
Evaluate -3 - (6 + -24 - -13).
2
What is the value of -1234 + 1244 + 0 + 1 + -3?
8
What is the value of -7 + (-4 - -2) - (58 - 71 - -12)?
-8
What is 9 - (-3 + (-5 - -4) + 7) - 5?
1
8 + (-9 - -4 - 1) - 1
1
What is the value of -5 + -14 + 6 + (3 - -3) + 18?
11
Evaluate 28 + (32 - (28 - -6)).
26
What is (-3 - (-4 + 3)) + (6 - 4) - -14?
14
What is (5 + -2 - -7) + (22 - 26) + 21?
27
(-2 - 1) + 5 + (-11 - (-17 + 5))
3
Calculate (4 - 1) + 1 + 1637 + -1655.
-14
Calculate -11 - (-34 + (-4 - -56)).
-29
Evaluate (-19 - (-18 - (-6 - 12))) + 45.
26
What is the value of 0 + (-1 + (12 - -1) - 3)?
9
40 + (-10 - 86) + 33
-23
What is the value of (-58 - -50) + (-1 - -2) + (2 - -4)?
-1
Calculate (-66 - -40) + (71 - 18).
27
What is the value of -2 - -3 - 4 - (0 - -19)?
-22
Evaluate -21 + (-752 - -747) + (0 + 0 - -15).
-11
Evaluate 20 - 2 - (32 + (-30 - -7)).
9
Evaluate (-2 - (0 + 0)) + -1 - (235 + -248).
10
Evaluate -6 + -4 + (13 - 20) + -1.
-18
Calculate -1 - (6 - (8 + 0 + -1)).
0
Evaluate (-14 - (14 + -38)) + (4 - (-2 - -4)).
12
What is 14 + -10 + (6 - (-7 - (4 - 10)))?
11
Evaluate (3 + -13 - -13) + -14 - -40.
29
What is (-1 + 6 - -8) + -12?
1
What is the value of 1 + -3 + (-516 - -537)?
19
Calculate 0 - 7 - (378 + -398).
13
Evaluate 13 - (26 + -12) - -4.
3
26 - 45 - (-3 + -16)
0
What is -25 - (1 - -9 - (143 + -146) - 3)?
-35
What is (-11 - -7 - -1) + (54 - 25)?
26
Evaluate 2 + 1 + 2 - (-18 + 15).
8
(36 - 10 - (1 - -16)) + -1 + -1
7
17 - ((-11 - (0 + -10)) + 8)
10
-12 + 1 + 0 + -5 + (-29 - -34)
-11
Evaluate (12 - 14) + 6 + -6 - (-2 - 2).
2
What is the value of -1 + -1 - (-7 + (45 - 25))?
-15
Evaluate 17 + (9 - 81) + 23.
-32
What is the value of (8 - -16 - 16) + 24 - (0 + -2)?
34
What is 4 + 3 + -29 + 18?
-4
-34 - -39 - (1 + 12)
-8
What is the value of 32 + -43 + (-5 - 0)?
-16
Evaluate (-9 + (5 - -2 - 4) - -8) + -2.
0
What is the value of -34 + (-3 - -30) - (3 - 1 - 20)?
11
(-6 - 0) + 2 + -11 + 4
-11
Calculate -17 - ((-5 - 7) + -5).
0
Evaluate (7 - -26) + (-7 - 11).
15
Evaluate (5 - -3) + -20 - (-1 - 0).
-11
-13 + (-12 - (7 + -31))
-1
What is 4 + -10 + (-8 - 9)?
-23
-32 + 27 + 2 + -2
-5
What is the value of (-1 - 32) + 1124 + -1082?
9
Calculate (2 + 2 - 3) + (1 - 13).
-11
Calculate (8 - -30 - 2) + -26.
10
What is the value of -9 - -2 - (-12 + 5 + 0 + -11)?
11
Calculate (0 - -12) + -24 + 22.
10
Calculate 29 - (-15 - -22) - 15.
7
Evaluate (16 - (30 + 1)) + 16.
1
What is the value of (72 + -29 - 52) + -1 + 8 + 0?
-2
9 + -25 + 22 + 12
18
Evaluate (14 - 21) + (18 + -2 - 6).
3
45 + (-38 + 1 - 9)
-1
Calculate 29 + -13 + -10 - (1 + -3 - -22).
-14
What is 1 - 14 - (-13 + 30 + -18)?
-12
What is the value of (-6 - -10) + -7 + 3?
0
What is the value of 420 + -409 - (0 - 6)?
17
What is the value of -191 + 206 - (6 + 3)?
6
-7 - (2 + 5 - 23)
9
What is the value of -4 + 8 + (21 - 49)?
-24
What is the value of -8 + -1 + 21 + 12 + -27 + 12?
9
Calculate (6 + -2 - -35) + 33 + -52.
20
What is -9 - 0 - (-28 + 34 + -3)?
-12
Evaluate 8 - 11 - -23 - 14 - -6.
12
-14 + (13 - -10) + -20
-11
What is 12 + -16 - -7 - (1 + 8)?
-6
Calculate -17 + (-6 - (-7 - (9 - -2))).
-5
Evaluate (6 - -10) + -7 + -13 + 20.
16
10 - (6 + -1 + -16 + 9)
12
Evaluate -5 + (-6 - -11) + 6 + -13.
-7
(1 - (1 + 4)) + 16 + -8
4
Calculate (-6 - (5 - 1)) + 5 - (-4 + -28).
27
0 + 1 + 1 + -3 - (94 - 113)
18
(-5 - 0) + (-91 - -100)
4
Evaluate -62 + 72 + 1 + 4 - (2 - 3).
16
Evaluate (13 + 4 - 16) + (3 - -1) - 12.
-7
What is 13 + -1 + 11 + -20 + 13 + -2?
14
What is -8 + -2 + 0 + 110 + -91?
9
What is 37 + 0 + (46 + -36 - 14)?
33
Evaluate 1 - -2 - (28 + -2 - 11).
-12
Evaluate 2 - -9 - (61 + -26 - 45).
21
Calculate -1 + -12 + (-19 - -21 - 8 - 2).
-21
What is the value of 18 + -38 + 15 - -9?
4
-13 + 9 + 5 + -3 + -5
-7
-18 + 29 + (13 - 22)
2
Evaluate 11 + 13 + (-1 - 0) - 6.
17
((-11 - -2) + -2 - -2) + 9
0
Evaluate 0 + 1 + -9 + (27 - -5 - 32).
-8
(1 - -1) + -11 + (-26 - 19) + 67
13
What is the value of (-2 - -2) + 5 + 10 + -6?
9
Calculate 1 + 7 + -3 + 2 + -6 + -1.
0
Evaluate -4 + 14 + 2 + -9.
3
What is 10 - 5 - (-5 - -16) - (-4 - 1)?
-1
Evaluate (-1 - (3 + (6 - 5) - -2)) + -4.
-11
What is the value of 3 + -4 - (55 + -73)?
17
What is (-1 - -13) + 2 + -26 + 0?
-12
What is the value of (44 - 23) + -24 + -1?
-4
-13 + -1 + 1 - (42 - (71 + -22))
-6
What is (-247 - -223) + 20 + -5?
-9
What is -3 + -2 + -6 + 26?
15
What is -7 - -5 - (13 - 3)?
-12
Calculate 0 - -6 - (-89 - -34 - -40).
21
What is (0 - -39) + -7 + (-46 - -33)?
19
What is (-124 - -114) + (5 - -15)?
10
What is the value of (-6 + (0 - -2) - -3) + -2 + 0?
-3
What is (40 - 53) + 43 - 30?
0
What is 10 + (3 - -4) + -10 + 13?
20
What is 12 + 18 + -31 - (-13 + 0 + 0)?
12
What is -3 - ((13 - 1) + -23 + 41)?
-33
What is the value of (-9 - 2) + -1 + -325 + 323?
-14
Calculate -15 - (13 + (-6 - 0)).
-22
Evaluate 5 + -95 + 63 - (-1 - 1).
-25
Calculate -1 - ((-13 - 3 - -17) + -2 + 6).
-6
What is the value of 15 + -2 + 47 + -51?
9
Calculate -4 + 5 - 0 - (3 - (3 + -3)).
-2
(-2 - (8 - 6)) + (-186 - -162)
-28
What is -4 + 23 + (-10 - 43 - -30)?
-4
What is (13 - 26) + (6 - (-10 + 5))?
-2
-8 - -10 - -4 - (-2 + 3 + 0)
5
What is 2 + (4 + -1 - (-7 - -5))?
7
Calculate -14 + 14 + 45 - 43.
2
Evaluate 14 + -1 + 31 - 39.
5
What is the value of 7 - (7 - (-41 + 5 + -5))?
-41
(1 - 20 - -23) + -18
-14
(5 - 1) + (123 - 134)
-7
What is -5 - (4 - 7) - (-8 + -7 + 1)?
12
(-11 - 1) + (-73 - -73)
-12
Evaluate -5 + -5 + -4 + (1 - -2) + 12.
1
Calculate -10 + (-3 - (-8 - 0) - (22 + -12)).
-15
What is -1 - (1 + 2 + -3 - (14 - 37))?
-24
Evaluate -8 + (-7 - (19 - (1 + 4 - 10))).
-39
Calculate 4 - (3 - 8 - -4).
5
-2 + 18 + (-2 - (3 + (-1 - -1)))
11
Calculate 307 + -326 - (2 + -30).
9
Calculate -39 + 21 + 14 + (-2 - (1 - 2)).
-5
1 + -1 + (-9 - -7) + 6 - 18
-14
Evaluate -32 - (11 - (11 - -13)).
-19
-10 - (3 - -1) - (6 - (-7 - -10))
-17
0 - (57 + -53 + 1 + (-6 - -2))
-1
Calculate (-35 - (2 + -19)) + 32 - 15.
-1
What is the value of -5 + -1 + 11 + 0?
5
(-1 - -18) + 31 + -81 + 25
-8
Calculate (-32 - (-2 - 12)) + 19.
1
What is the value of (-13 - (-9 + 8)) + 48 + -1?
35
Evaluate -4 + 4 + (-78 - -56).
-22
Calculate -6 + -1 + -56 + 56 - 2.
-9
(-31 - -4) + (-6 - -1 - -21)
-11
-9 - -33 - 31 - -24
17
-8 - (4 - 19) - (11 + 4 + 4)
-12
Evaluate -2 + -5 + (-7 - -7) - -14.
7
Evaluate 1 + -5 + -82 + 87 + (1 - 0).
2
Calculate 12 - 2 - (-4 - (0 - 6 - -10)).
18
-31 + (9 - 13) + 26
-9
What is the value of 1 + 1 + (-10 - -11) + 12 + 0?
15
Calculate (2 - -2) + -5 + 15 + -13.
1
Calculate (23 + 4 - -7) + (-18 - -1).
17
Calculate -4 - (-11 + 4 + 1).
2
-10 + 1 + 5 - (1 + -2 - 5)
2
(-11 - (9 - (27 - 9))) + -13
-15
-1 + 3 + -13 + 6 + 12 - -5
12
What is -19 - (-16 + 19) - -12?
-10
Evaluate (0 - -3) + 5 + -1 + 1 - -14.
22
What is the value of 241 + -263 + (0 - -26)?
4
7 + (-2 - 0) + 14 + -18 + -1
0
What is the value of 1 + 6 - (6 + 3 - (8 - -2))?
8
(-4 + 0 - (-10 - (0 - 10))) + -6
-10
Evaluate (15 - 21) + 1 - (0 + 0).
-5
What is -5 - (-2 - 1 - (-2 + -1)) - -11?
6
What is the value of (5 - 0) + 1 - (-2 - 1 - 0)?
9
-36 - -48 - 25 - (-1 - 6)
-6
Calculate (-3 - -1) + (-9 + -1 - (4 - 15)).
-1
What is (-1 - (10 + -1)) + 2 + 107 + -110?
-11
Evaluate (84 - 89) + -4 + 2 + (1 - 5).
-11
Evaluate (2 - (4 + 2)) + 11 + 4.
11
What is (552 - 55